{"id":79,"date":"2018-04-27T08:41:13","date_gmt":"2018-04-27T06:41:13","guid":{"rendered":"http:\/\/sibam89.fr\/?page_id=79"},"modified":"2018-07-20T17:03:24","modified_gmt":"2018-07-20T15:03:24","slug":"aerothermes","status":"publish","type":"page","link":"https:\/\/sibam89.fr\/?page_id=79","title":{"rendered":"CHAUFFAGE DES GRANDS VOLUMES"},"content":{"rendered":"<div class=\"flex_column av_one_full  flex_column_div av-zero-column-padding first  \" style='border-radius:0px; '><section class=\"av_textblock_section \"  itemscope=\"itemscope\" itemtype=\"https:\/\/schema.org\/CreativeWork\" ><div class='avia_textblock  '   itemprop=\"text\" ><h1 style=\"text-align: center;\"><strong><span style=\"font-family: arial, helvetica, sans-serif; font-size: 18pt; color: #005db4;\">Chauffage et traitement d&rsquo;air des grands volumes<\/span><\/strong><\/h1>\n<\/div><\/section><br \/>\n<div style=' margin-top:0px; margin-bottom:0px;'  class='hr hr-custom hr-center hr-icon-no  '><span class='hr-inner   inner-border-av-border-fat' style=' width:150px; border-color:#005db4;' ><span class='hr-inner-style'><\/span><\/span><\/div><\/p><\/div>\n<div class='flex_column_table av-equal-height-column-flextable -flextable' ><div class=\"flex_column av_one_fourth  flex_column_table_cell av-equal-height-column av-align-top av-zero-column-padding first  \" style='border-radius:0px; '><div class='avia-image-container  av-styling-    avia-align-right '  itemprop=\"ImageObject\" itemscope=\"itemscope\" itemtype=\"https:\/\/schema.org\/ImageObject\"  ><div class='avia-image-container-inner'><div class='avia-image-overlay-wrap'><a href='http:\/\/www.emat-sas.fr\/' class='avia_image'   target=\"_blank\" ><img class='avia_image ' src='https:\/\/sibam89.fr\/wp-content\/uploads\/2018\/05\/EMAT.jpg' alt='' title='EMAT'  itemprop=\"thumbnailUrl\"  \/><\/a><\/div><\/div><\/div><\/div><\/div><!--close column table wrapper. Autoclose: 1 -->\n<div class='flex_column_table av-equal-height-column-flextable -flextable' ><div class='av-flex-placeholder'><\/div><div class=\"flex_column av_one_fourth  flex_column_table_cell av-equal-height-column av-align-top av-zero-column-padding   \" style='border-radius:0px; '><section class=\"av_textblock_section \"  itemscope=\"itemscope\" itemtype=\"https:\/\/schema.org\/CreativeWork\" ><div class='avia_textblock  '  style='font-size:13px; '  itemprop=\"text\" ><p><span style=\"font-family: arial, helvetica, sans-serif; font-size: 13pt;\"><a href=\"http:\/\/www.emat-sas.fr\/aerothermes-gaz-produit.htm\" target=\"_blank\" rel=\"noopener\">A\u00e9rothermes gaz<\/a><\/span><br \/>\n<span style=\"font-family: arial, helvetica, sans-serif; font-size: 13pt;\"> <a href=\"http:\/\/www.emat-sas.fr\/aerothermes-eau-aerothermes-elec-produit.htm\" target=\"_blank\" >A\u00e9rothermes eau A\u00e9rothermes \u00e9lec<\/a><\/span><br \/>\n<span style=\"font-family: arial, helvetica, sans-serif; font-size: 13pt;\"> <a href=\"http:\/\/www.emat-sas.fr\/generateurs-d-air-chaud-produit.htm\" target=\"_blank\">G\u00e9n\u00e9rateurs d&rsquo;air chaud<\/a><\/span><br \/>\n<span style=\"font-family: arial, helvetica, sans-serif; font-size: 13pt;\"> <a href=\"http:\/\/www.emat-sas.fr\/generateurs-d-air-chaud-pour-serres-produit.htm\" target=\"_blank\"><span G\u00e9n\u00e9rateurs d'air chaud pour serres<\/a><\/span><\/p>\n<\/div><\/section><\/div><\/div><!--close column table wrapper. Autoclose: 1 -->\n<div class='flex_column_table av-equal-height-column-flextable -flextable' ><div class='av-flex-placeholder'><\/div><div class=\"flex_column av_one_fourth  flex_column_table_cell av-equal-height-column av-align-top av-zero-column-padding   \" style='border-radius:0px; '><section class=\"av_textblock_section \"  itemscope=\"itemscope\" itemtype=\"https:\/\/schema.org\/CreativeWork\" ><div class='avia_textblock  '  style='font-size:13px; '  itemprop=\"text\" ><p><span style=\"font-family: arial, helvetica, sans-serif; font-size: 13pt;\"> <a href=\"http:\/\/www.emat-sas.fr\/rideaux-d-air-et-destratificateurs-produit.htm\" target=\"_blank\" rel=\"noopener\">Rideaux d&rsquo;air et destratificateurs<\/a><\/span><br \/>\n<span style=\"font-family: arial, helvetica, sans-serif; font-size: 13pt;\"> <a href=\"http:\/\/www.emat-sas.fr\/tubes-et-panneaux-radiants-produit.htm\" target=\"_blank\" rel=\"noopener\"><span style=\"font-size: 14pt;\">Tubes et panneaux radiants<\/span><\/a><\/span><br \/>\n<span style=\"font-family: arial, helvetica, sans-serif; font-size: 13pt;\"> <a href=\"http:\/\/www.emat-sas.fr\/generateurs-d-air-chaud-mobiles-produit.htm\" target=\"_blank\" rel=\"noopener\">G\u00e9n\u00e9rateurs d&rsquo;air chaud mobiles<\/a><\/span><\/p>\n<\/div><\/section><\/div><\/div><!--close column table wrapper. Autoclose: 1 --><div class='flex_column_table av-equal-height-column-flextable -flextable' ><div class='av-flex-placeholder'><\/div><div class=\"flex_column av_one_fourth  flex_column_table_cell av-equal-height-column av-align-top av-zero-column-padding   \" style='border-radius:0px; '><section class=\"av_textblock_section \"  itemscope=\"itemscope\" itemtype=\"https:\/\/schema.org\/CreativeWork\" ><div class='avia_textblock  '  style='font-size:13px; '  itemprop=\"text\" ><p><span style=\"font-family: arial, helvetica, sans-serif; font-size: 13pt;\"> <a href=\"http:\/\/www.emat-sas.fr\/traitement-d-air-production-d-eau-produit.htm\" target=\"_blank\">Traitement d&rsquo;air &#8211; Production d&rsquo;eau<\/a><\/span><br \/>\n<span style=\"font-family: arial, helvetica, sans-serif; font-size: 13pt;\"> <a href=\"http:\/\/www.emat-sas.fr\/rooftops-et-rafraichisseurs-d-air-produit.htm\" target=\"_blank\">Rooftops et rafra\u00eechisseurs d&rsquo;air<\/a><\/span><br \/>\n<span style=\"font-family: arial, helvetica, sans-serif; font-size: 13pt;\"> <a href=\"http:\/\/www.emat-sas.fr\/traitement-d-air-centrales-produit.htm\" target=\"_blank\">Traitement d&rsquo;air &#8211; Centrales<\/a><\/span><\/p>\n<\/div><\/section><\/div><\/div><!--close column table wrapper. Autoclose: 1 --><\/p>\n<div class=\"flex_column av_two_third  flex_column_div av-zero-column-padding first  \" style='border-radius:0px; '><section class=\"av_textblock_section \"  itemscope=\"itemscope\" itemtype=\"https:\/\/schema.org\/CreativeWork\" ><div class='avia_textblock  '  style='font-size:13px; '  itemprop=\"text\" ><p style=\"text-align: justify;\"><span style=\"font-family: arial, helvetica, sans-serif; font-size: 13pt;\">EMAT, leader fran\u00e7ais dans le domaine du chauffage et traitement d&rsquo;air de grands volumes, a d\u00e9marr\u00e9 ses activit\u00e9s en 1980 avec le d\u00e9veloppement et la fabrication de mat\u00e9riels a\u00e9rauliques et thermiques.<\/span><\/p>\n<p style=\"text-align: justify;\"><span style=\"font-family: arial, helvetica, sans-serif; font-size: 13pt;\">G\u00e9n\u00e9rateur d&rsquo;air chaud \u00e0 condensation ENERGY<\/span><\/p>\n<p style=\"text-align: justify;\"><span style=\"font-family: arial, helvetica, sans-serif; font-size: 13pt;\">A\u00e9rotherme modulant \u00e0 condensation HELIJET M<\/span><\/p>\n<p style=\"text-align: justify;\"><span style=\"font-family: arial, helvetica, sans-serif; font-size: 13pt;\">Historiquement fabricant de <a href=\"http:\/\/www.emat-sas.fr\/generateurs-d-air-chaud-produit.htm\">g\u00e9n\u00e9rateurs d&rsquo;air chaud<\/a> et de tubes radiants, EMAT a \u00e9largi sa gamme aux <a href=\"http:\/\/www.emat-sas.fr\/aerothermes-gaz-produit.htm\">a\u00e9rothermes \u00e0 gaz<\/a>, <a href=\"http:\/\/www.emat-sas.fr\/aerothermes-eau-aerothermes-elec-produit.htm\">a\u00e9rothermes \u00e0 eau<\/a> et aux rideaux d&rsquo;air chaud.<\/span><\/p>\n<p style=\"text-align: justify;\"><span style=\"font-family: arial, helvetica, sans-serif; font-size: 13pt;\">EMAT a ensuite compl\u00e9t\u00e9 son offre avec une gamme de mat\u00e9riels de climatisation et rafra\u00eechissement compos\u00e9e de groupes d&rsquo;eau glac\u00e9e r\u00e9versibles, roof top, <a href=\"http:\/\/www.emat-sas.fr\/ventilo-convecteurs-aqualix-2-produit.htm\">ventilo convecteurs<\/a> et unit\u00e9s de traitement d&rsquo;air.<\/span><\/p>\n<p style=\"text-align: justify;\"><span style=\"font-family: arial, helvetica, sans-serif; font-size: 13pt;\">La client\u00e8le d&rsquo;EMAT se compose exclusivement de soci\u00e9t\u00e9s sp\u00e9cialis\u00e9es dans le n\u00e9goce de mat\u00e9riels de chauffage et\/ou climatisation.<\/span><\/p>\n<\/div><\/section><\/div>\n<div class=\"flex_column av_one_third  av-animated-generic av-rotateIn  flex_column_div   \" style='background: #ffffff; padding:20px; background-color:#ffffff; border-radius:0px; '><div  data-size='shop_catalog'  data-lightbox_size='large'  data-animation='fade'  data-ids='399,398,397'  data-video_counter='0'  data-autoplay='true'  data-bg_slider='false'  data-slide_height=''  data-handle='av_slideshow'  data-interval='3'  data-class='  avia-small-width-slider'  data-css_id=''  data-scroll_down=''  data-control_layout='av-control-hidden'  data-custom_markup=''  data-perma_caption=''  data-autoplay_stopper=''  data-image_attachment=''  data-min_height='0px'  data-default-height='100'  class='avia-slideshow avia-slideshow-1  av-control-hidden av-default-height-applied avia-slideshow-shop_catalog av_slideshow   avia-small-width-slider avia-fade-slider '  itemprop=\"ImageObject\" itemscope=\"itemscope\" itemtype=\"https:\/\/schema.org\/ImageObject\" ><ul class='avia-slideshow-inner' style='padding-bottom: 100%;'><li  class=' slide-1 ' ><div data-rel='slideshow-1' class='avia-slide-wrap'  ><img src='https:\/\/sibam89.fr\/wp-content\/uploads\/2018\/05\/10-g\u00e9n\u00e9rateur-emat-OmgSCEH-3-450x450.jpg' width='450' height='450' title='10-g\u00e9n\u00e9rateur-emat-OmgSCEH-(3)' alt=''  itemprop=\"thumbnailUrl\"   \/><\/div><\/li><li  class=' slide-2 ' ><div data-rel='slideshow-1' class='avia-slide-wrap'  ><img src='https:\/\/sibam89.fr\/wp-content\/uploads\/2018\/05\/9-g\u00e9n\u00e9rateur-emat-OmgSCE2-3-450x450.jpg' width='450' height='450' title='9-g\u00e9n\u00e9rateur-emat-OmgSCE2-(3)' alt=''  itemprop=\"thumbnailUrl\"   \/><\/div><\/li><li  class=' slide-3 ' ><div data-rel='slideshow-1' class='avia-slide-wrap'  ><img src='https:\/\/sibam89.fr\/wp-content\/uploads\/2018\/05\/6-A\u00e9rotherme-emat-JEGMini-3-450x450.jpg' width='450' height='450' title='6-A\u00e9rotherme-emat-JEGMini-(3)' alt=''  itemprop=\"thumbnailUrl\"   \/><\/div><\/li><\/ul><div class='avia-slideshow-arrows avia-slideshow-controls'><a href='#prev' class='prev-slide' aria-hidden='true' data-av_icon='\ue87c' data-av_iconfont='entypo-fontello'>Pr\u00e9c\u00e9dent<\/a><a href='#next' class='next-slide' aria-hidden='true' data-av_icon='\ue87d' data-av_iconfont='entypo-fontello'>Suivant<\/a><\/div><div class='avia-slideshow-dots avia-slideshow-controls'><a href='#1' class='goto-slide active' >1<\/a><a href='#2' class='goto-slide ' >2<\/a><a href='#3' class='goto-slide ' >3<\/a><\/div><\/div><\/div>\n","protected":false},"excerpt":{"rendered":"","protected":false},"author":1,"featured_media":0,"parent":21,"menu_order":0,"comment_status":"closed","ping_status":"closed","template":"","meta":{"footnotes":""},"class_list":["post-79","page","type-page","status-publish","hentry"],"_links":{"self":[{"href":"https:\/\/sibam89.fr\/index.php?rest_route=\/wp\/v2\/pages\/79","targetHints":{"allow":["GET"]}}],"collection":[{"href":"https:\/\/sibam89.fr\/index.php?rest_route=\/wp\/v2\/pages"}],"about":[{"href":"https:\/\/sibam89.fr\/index.php?rest_route=\/wp\/v2\/types\/page"}],"author":[{"embeddable":true,"href":"https:\/\/sibam89.fr\/index.php?rest_route=\/wp\/v2\/users\/1"}],"replies":[{"embeddable":true,"href":"https:\/\/sibam89.fr\/index.php?rest_route=%2Fwp%2Fv2%2Fcomments&post=79"}],"version-history":[{"count":82,"href":"https:\/\/sibam89.fr\/index.php?rest_route=\/wp\/v2\/pages\/79\/revisions"}],"predecessor-version":[{"id":1397,"href":"https:\/\/sibam89.fr\/index.php?rest_route=\/wp\/v2\/pages\/79\/revisions\/1397"}],"up":[{"embeddable":true,"href":"https:\/\/sibam89.fr\/index.php?rest_route=\/wp\/v2\/pages\/21"}],"wp:attachment":[{"href":"https:\/\/sibam89.fr\/index.php?rest_route=%2Fwp%2Fv2%2Fmedia&parent=79"}],"curies":[{"name":"wp","href":"https:\/\/api.w.org\/{rel}","templated":true}]}}

<div class="flex_column av_one_full  flex_column_div av-zero-column-padding first  " style='border-radius:0px; '><section class="av_textblock_section "  itemscope="itemscope" itemtype="https://schema.org/CreativeWork" ><div class='avia_textblock  '   itemprop="text" ><h1 style="text-align: center;"><strong><span style="font-family: arial, helvetica, sans-serif; font-size: 18pt; color: #005db4;">Chauffage et traitement d&rsquo;air des grands volumes</span></strong></h1>
</div></section><br />
<div style=' margin-top:0px; margin-bottom:0px;'  class='hr hr-custom hr-center hr-icon-no  '><span class='hr-inner   inner-border-av-border-fat' style=' width:150px; border-color:#005db4;' ><span class='hr-inner-style'></span></span></div></p></div>
<div class='flex_column_table av-equal-height-column-flextable -flextable' ><div class="flex_column av_one_fourth  flex_column_table_cell av-equal-height-column av-align-top av-zero-column-padding first  " style='border-radius:0px; '><div class='avia-image-container  av-styling-    avia-align-right '  itemprop="ImageObject" itemscope="itemscope" itemtype="https://schema.org/ImageObject"  ><div class='avia-image-container-inner'><div class='avia-image-overlay-wrap'><a href='http://www.emat-sas.fr/' class='avia_image'   target="_blank" ><img class='avia_image ' src='https://sibam89.fr/wp-content/uploads/2018/05/EMAT.jpg' alt='' title='EMAT'  itemprop="thumbnailUrl"  /></a></div></div></div></div></div><!--close column table wrapper. Autoclose: 1 -->
<div class='flex_column_table av-equal-height-column-flextable -flextable' ><div class='av-flex-placeholder'></div><div class="flex_column av_one_fourth  flex_column_table_cell av-equal-height-column av-align-top av-zero-column-padding   " style='border-radius:0px; '><section class="av_textblock_section "  itemscope="itemscope" itemtype="https://schema.org/CreativeWork" ><div class='avia_textblock  '  style='font-size:13px; '  itemprop="text" ><p><span style="font-family: arial, helvetica, sans-serif; font-size: 13pt;"><a href="http://www.emat-sas.fr/aerothermes-gaz-produit.htm" target="_blank" rel="noopener">Aérothermes gaz</a></span><br />
<span style="font-family: arial, helvetica, sans-serif; font-size: 13pt;"> <a href="http://www.emat-sas.fr/aerothermes-eau-aerothermes-elec-produit.htm" target="_blank" >Aérothermes eau Aérothermes élec</a></span><br />
<span style="font-family: arial, helvetica, sans-serif; font-size: 13pt;"> <a href="http://www.emat-sas.fr/generateurs-d-air-chaud-produit.htm" target="_blank">Générateurs d&rsquo;air chaud</a></span><br />
<span style="font-family: arial, helvetica, sans-serif; font-size: 13pt;"> <a href="http://www.emat-sas.fr/generateurs-d-air-chaud-pour-serres-produit.htm" target="_blank"><span Générateurs d'air chaud pour serres</a></span></p>
</div></section></div></div><!--close column table wrapper. Autoclose: 1 -->
<div class='flex_column_table av-equal-height-column-flextable -flextable' ><div class='av-flex-placeholder'></div><div class="flex_column av_one_fourth  flex_column_table_cell av-equal-height-column av-align-top av-zero-column-padding   " style='border-radius:0px; '><section class="av_textblock_section "  itemscope="itemscope" itemtype="https://schema.org/CreativeWork" ><div class='avia_textblock  '  style='font-size:13px; '  itemprop="text" ><p><span style="font-family: arial, helvetica, sans-serif; font-size: 13pt;"> <a href="http://www.emat-sas.fr/rideaux-d-air-et-destratificateurs-produit.htm" target="_blank" rel="noopener">Rideaux d&rsquo;air et destratificateurs</a></span><br />
<span style="font-family: arial, helvetica, sans-serif; font-size: 13pt;"> <a href="http://www.emat-sas.fr/tubes-et-panneaux-radiants-produit.htm" target="_blank" rel="noopener"><span style="font-size: 14pt;">Tubes et panneaux radiants</span></a></span><br />
<span style="font-family: arial, helvetica, sans-serif; font-size: 13pt;"> <a href="http://www.emat-sas.fr/generateurs-d-air-chaud-mobiles-produit.htm" target="_blank" rel="noopener">Générateurs d&rsquo;air chaud mobiles</a></span></p>
</div></section></div></div><!--close column table wrapper. Autoclose: 1 --><div class='flex_column_table av-equal-height-column-flextable -flextable' ><div class='av-flex-placeholder'></div><div class="flex_column av_one_fourth  flex_column_table_cell av-equal-height-column av-align-top av-zero-column-padding   " style='border-radius:0px; '><section class="av_textblock_section "  itemscope="itemscope" itemtype="https://schema.org/CreativeWork" ><div class='avia_textblock  '  style='font-size:13px; '  itemprop="text" ><p><span style="font-family: arial, helvetica, sans-serif; font-size: 13pt;"> <a href="http://www.emat-sas.fr/traitement-d-air-production-d-eau-produit.htm" target="_blank">Traitement d&rsquo;air &#8211; Production d&rsquo;eau</a></span><br />
<span style="font-family: arial, helvetica, sans-serif; font-size: 13pt;"> <a href="http://www.emat-sas.fr/rooftops-et-rafraichisseurs-d-air-produit.htm" target="_blank">Rooftops et rafraîchisseurs d&rsquo;air</a></span><br />
<span style="font-family: arial, helvetica, sans-serif; font-size: 13pt;"> <a href="http://www.emat-sas.fr/traitement-d-air-centrales-produit.htm" target="_blank">Traitement d&rsquo;air &#8211; Centrales</a></span></p>
</div></section></div></div><!--close column table wrapper. Autoclose: 1 --></p>
<div class="flex_column av_two_third  flex_column_div av-zero-column-padding first  " style='border-radius:0px; '><section class="av_textblock_section "  itemscope="itemscope" itemtype="https://schema.org/CreativeWork" ><div class='avia_textblock  '  style='font-size:13px; '  itemprop="text" ><p style="text-align: justify;"><span style="font-family: arial, helvetica, sans-serif; font-size: 13pt;">EMAT, leader français dans le domaine du chauffage et traitement d&rsquo;air de grands volumes, a démarré ses activités en 1980 avec le développement et la fabrication de matériels aérauliques et thermiques.</span></p>
<p style="text-align: justify;"><span style="font-family: arial, helvetica, sans-serif; font-size: 13pt;">Générateur d&rsquo;air chaud à condensation ENERGY</span></p>
<p style="text-align: justify;"><span style="font-family: arial, helvetica, sans-serif; font-size: 13pt;">Aérotherme modulant à condensation HELIJET M</span></p>
<p style="text-align: justify;"><span style="font-family: arial, helvetica, sans-serif; font-size: 13pt;">Historiquement fabricant de <a href="http://www.emat-sas.fr/generateurs-d-air-chaud-produit.htm">générateurs d&rsquo;air chaud</a> et de tubes radiants, EMAT a élargi sa gamme aux <a href="http://www.emat-sas.fr/aerothermes-gaz-produit.htm">aérothermes à gaz</a>, <a href="http://www.emat-sas.fr/aerothermes-eau-aerothermes-elec-produit.htm">aérothermes à eau</a> et aux rideaux d&rsquo;air chaud.</span></p>
<p style="text-align: justify;"><span style="font-family: arial, helvetica, sans-serif; font-size: 13pt;">EMAT a ensuite complété son offre avec une gamme de matériels de climatisation et rafraîchissement composée de groupes d&rsquo;eau glacée réversibles, roof top, <a href="http://www.emat-sas.fr/ventilo-convecteurs-aqualix-2-produit.htm">ventilo convecteurs</a> et unités de traitement d&rsquo;air.</span></p>
<p style="text-align: justify;"><span style="font-family: arial, helvetica, sans-serif; font-size: 13pt;">La clientèle d&rsquo;EMAT se compose exclusivement de sociétés spécialisées dans le négoce de matériels de chauffage et/ou climatisation.</span></p>
</div></section></div>
<div class="flex_column av_one_third  av-animated-generic av-rotateIn  flex_column_div   " style='background: #ffffff; padding:20px; background-color:#ffffff; border-radius:0px; '><div  data-size='shop_catalog'  data-lightbox_size='large'  data-animation='fade'  data-ids='399,398,397'  data-video_counter='0'  data-autoplay='true'  data-bg_slider='false'  data-slide_height=''  data-handle='av_slideshow'  data-interval='3'  data-class='  avia-small-width-slider'  data-css_id=''  data-scroll_down=''  data-control_layout='av-control-hidden'  data-custom_markup=''  data-perma_caption=''  data-autoplay_stopper=''  data-image_attachment=''  data-min_height='0px'  data-default-height='100'  class='avia-slideshow avia-slideshow-1  av-control-hidden av-default-height-applied avia-slideshow-shop_catalog av_slideshow   avia-small-width-slider avia-fade-slider '  itemprop="ImageObject" itemscope="itemscope" itemtype="https://schema.org/ImageObject" ><ul class='avia-slideshow-inner' style='padding-bottom: 100%;'><li  class=' slide-1 ' ><div data-rel='slideshow-1' class='avia-slide-wrap'  ><img src='https://sibam89.fr/wp-content/uploads/2018/05/10-générateur-emat-OmgSCEH-3-450x450.jpg' width='450' height='450' title='10-générateur-emat-OmgSCEH-(3)' alt=''  itemprop="thumbnailUrl"   /></div></li><li  class=' slide-2 ' ><div data-rel='slideshow-1' class='avia-slide-wrap'  ><img src='https://sibam89.fr/wp-content/uploads/2018/05/9-générateur-emat-OmgSCE2-3-450x450.jpg' width='450' height='450' title='9-générateur-emat-OmgSCE2-(3)' alt=''  itemprop="thumbnailUrl"   /></div></li><li  class=' slide-3 ' ><div data-rel='slideshow-1' class='avia-slide-wrap'  ><img src='https://sibam89.fr/wp-content/uploads/2018/05/6-Aérotherme-emat-JEGMini-3-450x450.jpg' width='450' height='450' title='6-Aérotherme-emat-JEGMini-(3)' alt=''  itemprop="thumbnailUrl"   /></div></li></ul><div class='avia-slideshow-arrows avia-slideshow-controls'><a href='#prev' class='prev-slide' aria-hidden='true' data-av_icon='' data-av_iconfont='entypo-fontello'>Précédent</a><a href='#next' class='next-slide' aria-hidden='true' data-av_icon='' data-av_iconfont='entypo-fontello'>Suivant</a></div><div class='avia-slideshow-dots avia-slideshow-controls'><a href='#1' class='goto-slide active' >1</a><a href='#2' class='goto-slide ' >2</a><a href='#3' class='goto-slide ' >3</a></div></div></div>
